ommon factor of b and 18.
6
Let i be (-19 - -16)*(-2)/2. What is the highest common factor of 9 and i?
3
Let v = 36 - 23. What is the greatest common divisor of v and 91?
13
Let f(j) = 23*j**2 - 6*j. Let p be f(-2). Calculate the greatest common divisor of p and 8.
8
Suppose 5*j = 17 + 118. Let f = 4 - 14. Let g = 13 + f. Calculate the highest common factor of j and g.
3
Let d(y) = 3*y - 4. Let s be d(3). Suppose 0 = 4*a + 4*q - 104, s*a - 7*a + 4*q + 76 = 0. Suppose c + a = 6*c. Calculate the greatest common factor of c and 6.
6
Let x(i) = i**3 + 6*i**2 + i + 8. Let d be x(-6). Suppose -u = 4*b - 46, -2*u = -4*b + u + 38. Let p = b - 5. Calculate the greatest common divisor of d and p.
2
Let p = 7 - 4. Suppose 5*l + 8*n - 15 = p*n, 4*n = -2*l + 4. Suppose -3*x - 264 = -4*r, 8*x = l*r + 3*x - 272. Calculate the highest common factor of 9 and r.
9
Let f = 2 + -6. Let d be (2 - f)/((-2)/(-2)). Calculate the highest common divisor of 24 and d.
6
Suppose 3*j - 132 = -j. Calculate the greatest common divisor of 3 and j.
3
Let z = 12 - -12. Let v(q) = q - 2. Let i be v(6). Suppose i*g - z = 16. What is the greatest common factor of 2 and g?
2
Suppose v + 2 = 3*v. Suppose 5*p - v - 49 = 0. What is the greatest common factor of p and 2?
2
Let c be (-4)/(-3 - -5) + 2. Suppose 3*x = 45 - c. What is the highest common divisor of 150 and x?
15
Suppose 5 + 4 = o. Suppose -5*d + 16 = -o*d. Let u be (d/5)/((-1)/20). Calculate the greatest common factor of u and 80.
16
Let n = -40 - -61. Let s(f) = -8*f**3 + 3*f**2 + 4*f + 2. Let c be s(-3). Let z = 464 - c. Calculate the highest common factor of n and z.
21
Suppose -4*q + 3*q + 2*y + 10 = 0, -4*y = 2*q + 12. Let x be -2 + (51 - 3) + q. What is the highest common factor of 12 and x?
12
Let o(u) = u + 6. Let r be o(-6). Suppose -5*g + 6*g - 4 = r. Calculate the greatest common divisor of g and 44.
4
Let r = 0 - -20. Calculate the greatest common divisor of 180 and r.
20
Let c be ((-28)/(-5))/((-2)/(-10)). Let g = 137 + -67. Calculate the highest common divisor of c and g.
14
Let v(a) = -a**3 - 9*a**2 - 10*a - 4. Let s(t) = t**2 - 7*t - 8. Let d be s(7). Let j be v(d). Let u = 46 + -28. What is the greatest common divisor of j and u?
6
Let p(l) = l**3 - 4*l**2 + l + 4. Let g be p(4). Suppose a + 3 = 0, -h + 3*a - 47 = -2*h. What is the greatest common divisor of h and g?
8
Let a = -2 + 74. What is the highest common divisor of a and 18?
18
Let w(y) = y**2 + 10*y + 11. Let t be w(-9). Suppose b - 7 - 11 = 0. Calculate the highest common divisor of b and t.
2
Suppose -3*s = 26 - 35. Let g be 0/(-1) - (-1 + -2). Suppose 5*f + g*l = 92, 5*l = f + s*f - 44. Calculate the highest common divisor of 24 and f.
8
Suppose -3*r + 2*n + 480 = 5*n, -2*r + n + 305 = 0. Calculate the greatest common factor of r and 62.
31
Let x be 147 + 1 + -7 + 3. Calculate the highest common factor of x and 24.
24
Let h be 9/45 - 59/(-5). Suppose q - 4*g = 4, -q + g + 1 = -3*q. Suppose 8 = -0*c + 4*c, -3*t + 3*c + 12 = q. What is the greatest common divisor of t and h?
6
Suppose -4*c - 144 = -7*c. Calculate the greatest common divisor of c and 120.
24
Let q(b) = 2*b**2 - b + 3. Let h be q(3). Calculate the greatest common factor of 306 and h.
18
Suppose 5*i + 295 = 4*w, -10 = -4*w + i + 305. What is the highest common factor of w and 20?
20
Suppose -8 = -2*v - 0*v. Suppose -57 = -v*p + p. What is the greatest common divisor of p and 38?
19
Let g = -258 + 412. What is the highest common divisor of 22 and g?
22
Suppose -4*y + 0*q = q - 391, 20 = -4*q. What is the greatest common factor of y and 11?
11
Let b = 4 - 15. Let d = b + 27. Let s be (-1 - -3) + (1 - 1). Calculate the highest common factor of s and d.
2
Suppose 0 = 3*c - 33 - 81. Calculate the greatest common divisor of 57 and c.
19
Let x(f) be the second derivative of -f**5/5 - f**4/12 + f**2/2 + 3*f. Let t be x(-1). Let u = -33 - -49. What is the highest common factor of u and t?
4
Let u be (3/4)/(3/180). What is the highest common divisor of 9 and u?
9
Let w(c) = 2*c - 10. Let p be w(8). Let l(f) = 2*f - 2. Let k be l(p). Let x = 79 + 11. What is the highest common factor of x and k?
10
Suppose -3 = -k + 4*k. Let s be (2 + -1)/(k/(-3)). Let w(v) = -v**2 + v + 12. Let u be w(0). Calculate the greatest common factor of s and u.
3
Let x be (-12)/18*33/(-2). Let i be (x - -1)*(0 - -1). What is the highest common factor of i and 132?
12
Let u(p) = p**2 + 4*p + 2. Let y be u(-3). Let q be y - ((-1 - -1) + -19). Let x(n) = 4*n + 3. Let i be x(6). Calculate the highest common divisor of q and i.
9
Let v = -6 + 2. Let o(k) = k**2 - 2*k - 8. Let s be o(v). Let b = 168 - -8. Calculate the highest common divisor of b and s.
16
Let t(a) = a + 5. Let l be t(3). What is the greatest common divisor of l and 4?
4
Suppose 3*b + 2*m = -0*b + 80, 2*b + 3*m - 60 = 0. Suppose 0 = 5*f + 5*l - 15, f - l + 4*l = -3. What is the greatest common factor of b and f?
6
Let t(l) = -9*l + 2. Let x be t(-2). What is the highest common divisor of 8 and x?
4
Suppose -5*q = -4*b - 128, 5*q - 35 = b + 12. Let f = 47 + b. Calculate the highest common divisor of f and 140.
20
Suppose 263 = 4*f - 37. What is the greatest common factor of f and 25?
25
Suppose 0 = 4*l + 52 - 324. Let g = l + -33. What is the highest common factor of 7 and g?
7
Suppose -9*y + 64 = -44. Calculate the greatest common divisor of 4 and y.
4
Let w be 1*(-2 - -6)/4. What is the highest common divisor of 8 and w?
1
Suppose -118 = -5*p + 2*w, -2*w - 25 = -2*p + 21. Let o be 114/10 + (0 - (-12)/20). What is the greatest common divisor of o and p?
12
Let l(t) be the first derivative of -3*t**2/2 - 3*t + 2. Let x be l(-6). Let j be 1/2 - ((-705)/10 + -4). Calculate the greatest common factor of j and x.
15
Let w(i) = i**2 - 7. Let g = -12 - -17. Let u be w(g). Let m(a) = 2*a**2 + 9*a + 1. Let t be m(7). Calculate the highest common factor of t and u.
18
Suppose -2*b + 63 = 39. Suppose i - 10 - 14 = 0. What is the greatest common factor of b and i?
12
Let x(o) = 6*o + 22. Let i be x(2). What is the highest common divisor of 17 and i?
17
Suppose c = 9 + 4. Let d(f) = -f**2 - 14*f. Let v be d(-13). What is the highest common divisor of c and v?
13
Let v be (7/(-4))/(7/28). Let k = -6 - v. What is the highest common divisor of k and 8?
1
Let u(h) be the second derivative of h**3/6 + 7*h**2/2 - h. Let k be u(-4). Let j be (-1 - 35)/k*-14. What is the highest common factor of j and 21?
21
Suppose 5*g = -0*g + 15. Let l = 2 + 0. Suppose 0*v + l*s = g*v - 10, 2*v + 2*s = 0. What is the greatest common divisor of v and 6?
2
Suppose -3*x + 0*i + 111 = -3*i, 0 = 5*x + 3*i - 201. What is the greatest common factor of x and 26?
13
Let r(h) = h**2 - 10*h - 3. Suppose -2*d + 13 + 9 = 0. Let z be r(d). Calculate the highest common divisor of z and 24.
8
Suppose -4*x + 134 = -0*b + b, -x - 4 = 0. What is the highest common factor of 60 and b?
30
Let h be 48 + -1*(3 - 1). Let m = h - 11. Calculate the greatest common factor of 14 and m.
7
Let v(p) = p**2 - p - 2. Let r be v(-2). Calculate the highest common factor of 32 and r.
4
Suppose -4*p = -4*i + 288, 5*p + 226 = 3*i + 10. What is the highest common factor of i and 54?
18
Let y be (1 + -5)*9/(-6). Let h(d) = -4*d + 6. Let r be h(-6). Calculate the highest common factor of y and r.
6
Let r(q) = -2*q + 7. Let n be r(5). Let y be n*(-3)/3 - -116. What is the highest common factor of 17 and y?
17
Let m(h) = -123*h**3 - 1. Let u be m(-1). Let v = -58 + u. Calculate the greatest common divisor of 16 and v.
16
Let w(a) = -3*a + 1. Let c be w(-7). Suppose 5*k - 69 = -4*h, 4*h + 4*k - 61 = 3. What is the highest common divisor of c and h?
11
Let a(x) = -x**3 - 5*x**2 - 5*x + 2. Suppose -f - g - 26 = 4*f, -4*g = 2*f + 14. Let k be a(f). Let c = -17 + 26. What is the highest common factor of k and c?
9
Suppose -2*i + 284 = 106. Let u = i - 59. Let d(w) = w**2 - 4*w - 2. Let o be d(6). What is the highest common divisor of u and o?
10
Suppose -3*n = -2*n - 37. Suppose 3*h - n = -m - 0*h, -2*h + 10 = 0. Calculate the highest common factor of 2 and m.
2
Suppose -2*q - 5 = 1. Let v = 6 - q. Let a = 7 + v. Calculate the highest common factor of 2 and a.
2
Let m(w) = 19*w**3 + w**2 - 1. Let j be m(1). What is the greatest commo